Suppose -3*h + 3*w = -147, 0*h - h - 4*w + 34 = 0. Suppose 4*x + 10 - 74 = 0. Calculate the remainder when h is divided by x.
14
Let b be 32/(-6)*(-6)/4. Suppose -7*k - 2 = -b*k. Suppose -4*t + 26 = -k. Calculate the remainder when 25 is divided by t.
4
Let y be 2/(-4) + 21/(-6). What is the remainder when 20 is divided by y*(0 - 11/4)?
9
What is the remainder when (-2)/8 - 665/(-20) is divided by 12?
9
Suppose 0 = -u + 7 + 4. Calculate the remainder when ((-10)/((-70)/203))/((-2)/(-2)) is divided by u.
7
Suppose -5*z - 2*b + 111 = -61, 5*b = 5*z - 165. Suppose -2*i - 45 = 3*i. Let t(h) = h**3 + 8*h**2 - 12*h - 9. What is the remainder when z is divided by t(i)?
16
Let z(d) = d + 25. Calculate the remainder when 21 is divided by z(-16).
3
Let s = 44 + -31. What is the remainder when s is divided by 5?
3
Let f = 3 - -2. Let v(k) = -4 + 0 - f + k + 5. Calculate the remainder when 1 is divided by v(5).
0
Let d(s) be the first derivative of -s**4/4 + 7*s**3/3 + s + 1. What is the remainder when 3 is divided by d(7)?
0
Suppose 5*r = 3*r - 8, 3*m + 3*r - 24 = 0. Suppose -j + 24 = -0*j - g, 0 = 3*g + 9. Calculate the remainder when j is divided by m.
9
Suppose -5*v = 5 - 200. Let m = v - 26. What is the remainder when 49 is divided by m?
10
Let u = 21 + -11. Let c = 483 - 343. Suppose -4*s + c = s. Calculate the remainder when s is divided by u.
8
Let c(d) = -22*d + 7. Let y be c(-7). Suppose -3*v = 2*q - 140, -2*v + 5*q = -0*v - 68. Suppose 3*j + v = y. Calculate the remainder when j is divided by 20.
19
Let d(x) = x + 12. Let s be d(-7). Let j = -97 - -218. Suppose s*n = j - 36. What is the remainder when n is divided by 6?
5
Suppose 2*k - 111 = -3*s - 23, -149 = -5*s - k. Let u = 6 - -14. Suppose -60 = -5*d + u. What is the remainder when s is divided by d?
14
Let b = 23 + -15. Let q = -6 - -3. Let v = q + 8. Calculate the remainder when b is divided by v.
3
What is the remainder when 121/(1/(1 - 0)) is divided by 1/(((-4)/2)/(-46 + -16))?
28
Let d(q) = 31*q**2 - 5*q - 4. What is the remainder when d(-2) is divided by 33?
31
Suppose -10 = -6*p + p. Let u(x) = 4*x**2. Suppose 2*b = -2*d + 5 - 1, -7 = 4*b - d. Calculate the remainder when u(b) is divided by p.
0
Let h(r) = -7*r**3 + r**2 + 3*r + 2. What is the remainder when 18 is divided by h(-1)?
4
Calculate the remainder when 22 is divided by 39/6*(1 + -1 - -2).
9
Let w(f) = 5*f**2 - 2*f. Let i(c) = 2*c**2 - 3*c - 5. Let y be 10*-3*1/(-6). What is the remainder when i(y) is divided by w(2)?
14
Let f(o) = -o**3 - o - 6. Let u be f(0). Let n = -2 + u. Calculate the remainder when (n - 3)/(2/(-8)) is divided by 15.
14
Let j = 17 - -4. What is the remainder when 39 is divided by j?
18
Let s = -2 - -4. Suppose -5*r - j - s - 14 = 0, 2*j = -4*r - 8. Let y(l) = l**2 + l - 1. What is the remainder when y(r) is divided by 6?
5
Suppose 116 = 3*k - 10. What is the remainder when 250 is divided by k?
40
What is the remainder when 59 is divided by 1136/56 + 3 + 69/(-21)?
19
Let f = -13 + 21. Calculate the remainder when 15 is divided by f.
7
Let l(f) = -4*f - 1. Let d be (-3)/(-6)*0 - 2. What is the remainder when l(d) is divided by 4?
3
Suppose -y = 4*s - 14, -10 = -2*y - 5*s + 12. Suppose y*a - 3*a = 21. Calculate the remainder when 19 is divided by a.
5
Let k(m) = m**3 - 4*m**2 - 3*m + 6. Suppose -9 = -i - 3. Calculate the remainder when k(5) is divided by i.
4
Let u(m) = -m**3 + 5*m**2 - 2*m - 1. Let b = -10 + 14. Suppose 0*r - r + b = 0. What is the remainder when 20 is divided by u(r)?
6
Let l(j) = j**2 - 25*j + 58. Calculate the remainder when l(24) is divided by 10.
4
Let x = -6 + 12. Calculate the remainder when 15 is divided by x.
3
Suppose 0 = 3*f - x + 143, -2*x + 5*x = 15. Let q = 67 + f. Calculate the remainder when 39 is divided by q.
18
Let y(p) = -p - 1. What is the remainder when y(-7) is divided by 2?
0
Suppose -247*m + 246*m = -13. What is the remainder when 64 is divided by m?
12
Let v(i) = -i**3 + i**2 - i - 1. Let l be v(-1). Suppose -5*x + 5*q = -80, 10 = x + q - l. Suppose -x = -r - r. Calculate the remainder when 12 is divided by r.
5
Suppose 5*y - 5*i - 130 = 0, y + y - 45 = -5*i. What is the remainder when y is divided by 13?
12
Suppose 5*p + 10*i = 5*i + 25, 2*p + 25 = 5*i. Calculate the remainder when 110 is divided by p - 2/4*-74.
36
Let h(z) = -z + 4. Suppose 0*d + 10 = 5*d. Let l be h(d). Suppose -q + 36 = l*q. What is the remainder when 22 is divided by q?
10
Let i(k) = -k**3 + 2*k**2 + k + 1. Suppose -q + 10 = 4*q. Suppose -g = -6*g + 15, -q*g = -t + 2. Calculate the remainder when t is divided by i(2).
2
Suppose 0 = k + 3*q - 3, -2*k + 6 = -2*q + 3*q. Suppose w - 15 = 5*u, 0 = 3*w + 2*u + 2 + 4. Calculate the remainder when (2 - w) + -5 - -9 is divided by k.
0
Suppose 3*x + 2 = -1. Let h be 6/(-9)*-3 + x. What is the remainder when ((-7*15)/(-3))/h is divided by 12?
11
Let l = 1 - -1. Let f = 32 - 11. What is the remainder when f + l + 2/(-2) is divided by 8?
6
Suppose 3*m + d = 28, m = 5*d + 5 + 15. Suppose 0 = -2*l - 4*j + 24, -6 = 2*l - 3*l + 4*j. Calculate the remainder when (-1 + m)*(5 + -3) is divided by l.
8
Suppose -4*x - 5*v + 98 = 0, -2*x + 3*v + 82 = 2*x. Calculate the remainder when 63 is divided by x.
19
Suppose -2*d = -9 - 11. Calculate the remainder when 46 is divided by d.
6
Let q(r) = r + 2. Let k be q(3). Suppose k*z = 4*j + 51, -5*j - 13 = 7. What is the remainder when z is divided by -4*(-3 + 4/2)?
3
Suppose -9*b = -16*b + 420. What is the remainder when b is divided by 32?
28
What is the remainder when 13 is divided by (-2 - (5 - 4))/((-3)/5)?
3
Let v(y) = y**3 + 5*y**2 + y - 5. Let q(c) = c**2 + 3*c - 5. What is the remainder when v(-4) is divided by q(-5)?
2
Calculate the remainder when (-315)/(-28)*16/6 is divided by 17.
13
Calculate the remainder when 62 is divided by 94/4 + 3/6.
14
Let g(b) = b**2 + 5*b - 5. What is the remainder when 24 is divided by g(-7)?
6
Suppose -d = -0*d. Let k(z) = -z**2 + 33. What is the remainder when k(d) is divided by (-5 + 3)*2 + 16?
9
Let z(n) = -n**2 + n + 7. Calculate the remainder when (5 - (0 - 14)) + 1/1 is divided by z(0).
6
Let u be (0 + 6)/((-2)/(-4)). Suppose 12 = 3*c - u. What is the remainder when 31 is divided by c?
7
Suppose 0 = -2*x + 11 - 19. Calculate the remainder when ((-80)/x + -3)/1 is divided by 10.
7
Suppose w - 5 - 2 = 0. Let s = 46 + -44. Calculate the remainder when w is divided by s.
1
Let d(r) = -r + 3. Let z be d(0). Suppose 2*t + 4*s = 58, z*t - 2*s + 4*s - 67 = 0. Calculate the remainder when t is divided by 10.
9
Suppose k = 4*b - 6, -3*k + 2 = -4*b + 2*k. Suppose 82 = u + 3*i, b*u - i - 140 = i. Calculate the remainder when u is divided by 25.
23
Let c(j) = 2*j**2 - 10*j + 7. Let g be (28/(-6))/((-4)/6). What is the remainder when c(g) is divided by (-270)/12*(-8)/10?
17
Let h(j) = 10*j**2 + 2*j. Calculate the remainder when h(2) is divided by 23.
21
Suppose 4*q + 4*s - 5*s = 119, -q = 2*s - 41. Calculate the remainder when 92 is divided by q.
30
Let s(f) = f**3 - 4*f**2 - 5*f + 5. Calculate the remainder when 8 is divided by s(5).
3
Suppose 3*v + 222 - 3 = 3*w, -3*w + 198 = 4*v. Suppose -2*b - p + w = 0, 45 = 5*b - 5*p - 160. What is the remainder when b is divided by 10?
7
Let q(d) = 23*d**2 + d + 1. Let a(z) = -z + 2. Let v be a(0). Let f be q(v). Suppose 3*r + 11 = f. What is the remainder when r is divided by 10?
8
Suppose -5*t = -5, -28 = -4*i - 5*t + t. Calculate the remainder when (i/4)/((-1)/(-14)) is divided by 8.
5
Let s(p) = -p**2 - 9*p - 8. Let g be s(-6). Let o(k) = -k**3 + 11*k**2 - 6*k - 1. Calculate the remainder when o(g) is divided by 8.
7
Suppose -2*f = 4*p - 93 - 5, -4*p = -f - 101. What is the remainder when p is divided by 7?
4
Let r(k) = 4*k**2 - 7*k - 7. What is the remainder when 14 is divided by r(-1)?
2
Let j = 6 - 3. What is the remainder when 8 is divided by j?
2
Let x be (-2)/5 + (-2)/(-5). Suppose 0 = -z + 18 - x. What is the remainder when 52 is divided by z?
16
Suppose l = 4*v - 42, -l = 5*v - v - 38. Let y = v + -5. Calculate the remainder when y is divided by 3.
2
Let h(b) = b**3 + 5*b**2 - 3*b. What is the remainder when 74 is divided by h(-5)?
14
Calculate the remainder when (6/8)/((-1)/(-36)) is divided by 14.
13
Suppose 2*m + 1368 = -2*m. Sup